48?
False
Does 45 divide 2934006922?
False
Is 849078 a multiple of 2?
True
Is 534 a factor of 3094790773?
False
Is 4441 a factor of 1844537286?
False
Does 47 divide 478689219?
True
Does 879 divide 1690936695?
True
Is 1494 a factor of 1542321693?
False
Is 5284812 a multiple of 1783?
True
Is 114443898 a multiple of 140?
False
Does 40 divide 115211280?
True
Is 86253678 a multiple of 9?
True
Is 4172 a factor of 161692522?
False
Is 2085993077 a multiple of 53?
False
Does 32 divide 1085088?
True
Is 1146 a factor of 136438287?
False
Is 27105741 a multiple of 7?
False
Does 110 divide 17738930?
True
Is 109 a factor of 610750943?
False
Is 2680664134 a multiple of 14897?
False
Does 34 divide 95527964?
True
Is 564 a factor of 409185948?
True
Is 392031120 a multiple of 120?
True
Is 8 a factor of 148920923?
False
Is 247337090 a multiple of 385?
True
Does 6029 divide 759147564?
True
Is 3096353 a multiple of 13?
True
Is 62774580 a multiple of 55?
True
Does 2694 divide 67441596?
True
Does 28 divide 286105761?
False
Is 316 a factor of 4245798?
False
Does 4058 divide 15932985?
False
Does 19 divide 235722151?
True
Does 236 divide 134261816?
True
Is 21 a factor of 522701906?
False
Is 8 a factor of 84415192?
True
Does 457 divide 944760670?
True
Is 139207828 a multiple of 9?
False
Is 384 a factor of 195660098?
False
Is 93863095 a multiple of 75?
False
Does 203 divide 579078309?
False
Is 2304613 a multiple of 193?
True
Is 121 a factor of 74408466?
True
Does 7 divide 121317736?
False
Is 269 a factor of 142506306?
False
Is 1669100958 a multiple of 3582?
True
Is 44 a factor of 844263541?
False
Does 2792 divide 369691194?
False
Is 21 a factor of 1849422419?
False
Is 2994647382 a multiple of 54?
True
Does 1868 divide 42138732?
False
Is 509058908 a multiple of 346?
False
Does 60 divide 117266100?
True
Does 284 divide 123433437?
False
Is 2112281072 a multiple of 3728?
True
Is 27243840 a multiple of 624?
True
Does 489 divide 23591316?
True
Is 14 a factor of 139785870?
True
Is 23 a factor of 28726379?
True
Does 380 divide 137107040?
True
Does 33 divide 34384680?
True
Does 420 divide 5619387480?
True
Is 6789594 a multiple of 9?
False
Is 28916955 a multiple of 171?
True
Does 13 divide 235043906?
False
Does 1150 divide 24066257?
False
Does 1549 divide 16541771?
True
Is 40 a factor of 45310320?
True
Is 132 a factor of 29007792?
True
Does 371 divide 1341026507?
False
Is 1137 a factor of 822947460?
False
Is 40 a factor of 117184080?
True
Is 1228708453 a multiple of 29?
True
Is 40684725 a multiple of 13?
False
Is 1139867234 a multiple of 22?
True
Does 1658 divide 1574736?
False
Is 19 a factor of 104629485?
True
Is 16 a factor of 291493600?
True
Does 3 divide 436233204?
True
Is 148199625 a multiple of 369?
True
Does 519 divide 616405920?
True
Is 7441 a factor of 875210420?
True
Does 64 divide 875576960?
True
Is 2419305636 a multiple of 471?
False
Does 23 divide 132900578?
True
Is 139 a factor of 74337756?
True
Does 235 divide 961945673?
False
Is 863 a factor of 697170235?
True
Is 28994124 a multiple of 7?
False
Does 19 divide 533210794?
True
Is 19481066 a multiple of 28?
False
Is 9256 a factor of 3372486741?
False
Is 1398433119 a multiple of 409?
False
Is 95049616 a multiple of 724?
True
Is 9 a factor of 92844029?
False
Is 147 a factor of 1006170150?
False
Is 266 a factor of 231204034?
False
Is 122 a factor of 3397578?
True
Is 898 a factor of 55034113?
False
Is 63781144 a multiple of 563?
True
Does 36 divide 40164624?
True
Is 2940 a factor of 377831460?
False
Does 126 divide 4356198?
True
Is 25642848 a multiple of 427?
False
Is 93458000 a multiple of 1000?
True
Is 1160262641 a multiple of 190?
False
Does 350 divide 109012100?
False
Is 4 a factor of 345705108?
True
Does 2023 divide 429070701?
False
Is 1410108001 a multiple of 8?
False
Does 4203 divide 4232655113?
False
Does 2 divide 1814861?
False
Is 199454056 a multiple of 19?
False
Does 321 divide 6864106?
False
Is 148809091 a multiple of 139?
True
Does 99 divide 190575198?
True
Is 832716635 a multiple of 1450?
False
Is 866 a factor of 27373507?
False
Is 12 a factor of 799628?
False
Does 1070 divide 161404150?
True
Is 21 a factor of 730281014?
False
Does 5328 divide 473382144?
True
Does 262 divide 3599741?
False
Does 11 divide 54151977?
True
Is 2014635 a multiple of 14?
False
Is 23 a factor of 39220134?
False
Is 12 a factor of 3080626432?
False
Does 275 divide 489867675?
True
Is 1186 a factor of 13981754?
True
Is 1252 a factor of 127587564?
True
Is 4936 a factor of 2556719664?
True
Is 995 a factor of 892070363?
False
Is 601325694 a multiple of 18?
True
Is 47866212 a multiple of 71?
True
Is 12070 a factor of 2147820290?
True
Does 182 divide 1166296121?
False
Is 44 a factor of 12939344?
True
Does 602 divide 103428416?
True
Is 153199505 a multiple of 231?
False
Is 93603126 a multiple of 58?
True
Is 186 a factor of 1357311936?
True
Is 242569325 a multiple of 5727?
False
Is 3 a factor of 9950996?
False
Is 127434846 a multiple of 42?
True
Is 1997954 a multiple of 13?
False
Does 12 divide 3780250314?
False
Is 6 a factor of 230967132?
True
Does 15 divide 1848834753?
False
Does 25 divide 47657808?
False
Is 1426725180 a multiple of 90?
True
Does 130 divide 201667443?
False
Does 4018 divide 855803816?
False
Is 6 a factor of 416124930?
True
Is 23 a factor of 210138538?
False
Is 6493644288 a multiple of 4288?
True
Does 11 divide 4221009?
False
Does 23 divide 1281716676?
True
Is 205901253 a multiple of 53?
False
Is 1298 a factor of 163665984?
False
Does 673 divide 77678896?
False
Does 22 divide 15761768?
True
Does 18 divide 4856284?
False
Is 274 a factor of 27026402?
False
Is 73 a factor of 7988456?
False
Is 37 a factor of 22144981?
True
Is 3052031052 a multiple of 8166?
False
Is 288457143 a multiple of 13?
True
Is 814521343 a multiple of 12?
False
Is 21803698 a multiple of 14?
True
Is 88 a factor of 56906643?
False
Is 743 a factor of 355855084?
False
Does 20 divide 2078?
False
Is 460 a factor of 425483440?
True
Is 71 a factor of 126150427?
False
Is 230816362 a multiple of 322?
True
Does 187 divide 14797871?
True
Is 1235 a factor of 16766360?
True
Is 92 a factor of 851066?
False
Is 356917963 a multiple of 35?
False
Is 371 a factor of 7145613?
False
Is 29460200 a multiple of 70?
True
Is 2754 a factor of 202741218?
True
Does 1695 divide 26361118?
False
Does 243 divide 53203635?
True
Is 4373637275 a multiple of 5893?
True
Does 296 divide 13032814?
False
Is 86 a factor of 148723498?
True
Is 46847856 a multiple of 2977?
False
Is 4494034376 a multiple of 104?
True
Does 204 divide 18981492?
False
Is 555519815 a multiple of 19?
True
Is 2136 a factor of 199135008?
True
Does 65 divide 383043050?
True
Does 2 divide 5335341?
False
Does 35 divide 432347614?
False
Is 36525454 a multiple of 19?
False
Does 1722 divide 373398836?
False
Does 6 divide 987523188?
True
Does 1861 divide 62216952?
True
Is 613489850 a multiple of 214?
True
Does 48 divide 57258528?
True
Is 23818442 a multiple of 1813?
False
Is 11420757 a multiple of 9?
True
Does 347 divide 91687116?
True
Is 249 a factor of 148922867?
False
Does 583 divide 242867344?
False
Is 981 a factor of 492417855?
True
Is 44791343 a multiple of 16?
False
Does 6 divide 8208690?
True
Is 80 a factor of 212768456?
False
Does 2899 divide 200424894?
False
Is 937 a factor of 629326680?
True
Does 171 divide 352194508?
False
Does 13 divide 39255252?
False
Is 1000 a factor of 103694096?
False
Is 106018272 a multiple of 4412?
False
Is 17 a factor of 40646817?
False
Is 1516 a factor of 22091279?
False
Does 14 divide 66853906?
True
Is 176 a factor of 1088274356?
False
Is 221585016 a multiple of 856?
True
Is 252593190 a multiple of 353?
False
Is 168517803 a multiple of 201?
False
Is 187 a factor of 475522487?
True
Is 254 a factor of 709289435?
False
Is 599 a factor of 1698863434?
True
Is 88639840 a multiple of 85?
False
Is 125338752 a multiple of 84?
True
Does 18 divide 26781354?
True
Does 277 divide 143243071?
True
Is 722 a factor of 9270874?
False
Is 9 a factor of 35205840?
True
Does 1911 divide 384619728?
False
Is 44451190 a multiple of 1145?
True
Is 367826910 a multiple of 5335?
True
Is 54 a factor of 1132826000?
False
Is 455 a factor of 217103705?
True
Is 68222271 a multiple of 874?
False
Does 14 divide 82195890?
True
Is